17111 composite?
False
Is 2210051 a prime number?
False
Is 3353737 a composite number?
True
Is 3547517 a prime number?
True
Is 716063 a composite number?
False
Is 117653059 a prime number?
True
Is 11908951 prime?
True
Is 2668139 prime?
False
Is 19096733 a prime number?
True
Is 124156567 a prime number?
True
Is 2905549 prime?
True
Is 32286863 a prime number?
False
Is 13454167 prime?
False
Is 40273457 a prime number?
False
Is 14329421 prime?
True
Is 88808579 prime?
True
Is 534003 a prime number?
False
Is 3776221 composite?
True
Is 8111053 a composite number?
False
Is 1597747 composite?
False
Is 3146509 a composite number?
True
Is 158602337 a composite number?
True
Is 8088163 a composite number?
True
Is 1866253 a composite number?
True
Is 143909 prime?
True
Is 1380541 a composite number?
True
Is 2088761 prime?
False
Is 24068503 prime?
False
Is 2257757 prime?
True
Is 5208139 a prime number?
False
Is 16181563 composite?
False
Is 75051337 a prime number?
False
Is 4013557 prime?
True
Is 15803849 a composite number?
True
Is 28389673 prime?
False
Is 9024793 a prime number?
True
Is 6408163 prime?
True
Is 72447487 a composite number?
True
Is 44080265 composite?
True
Is 326826739 prime?
False
Is 7294429 prime?
False
Is 3209317 prime?
True
Is 23358763 composite?
False
Is 180298519 composite?
False
Is 124824439 prime?
False
Is 9874681 prime?
True
Is 311233517 a composite number?
True
Is 18456593 a prime number?
True
Is 413821 composite?
True
Is 12825167 prime?
False
Is 16351423 composite?
True
Is 1100051 prime?
True
Is 879817 a prime number?
True
Is 1291087 composite?
True
Is 12763349 composite?
False
Is 10831391 a composite number?
False
Is 49324369 a prime number?
True
Is 18608677 prime?
False
Is 2089315 prime?
False
Is 395803579 a composite number?
False
Is 1998991 a composite number?
False
Is 5221562 composite?
True
Is 639320243 prime?
True
Is 1592923 a prime number?
True
Is 1765187 a composite number?
False
Is 48793651 a composite number?
True
Is 303734359 a composite number?
True
Is 17652163 a composite number?
False
Is 36876857 composite?
True
Is 11388337 composite?
False
Is 4712809 a composite number?
True
Is 50592233 a prime number?
False
Is 1775677 composite?
True
Is 4131737 composite?
True
Is 2178541 prime?
True
Is 82674413 prime?
True
Is 13093859 a composite number?
True
Is 166963 prime?
False
Is 633491 prime?
False
Is 1848470105 prime?
False
Is 6553139 composite?
False
Is 5815291 composite?
False
Is 3383503 prime?
True
Is 8811199 composite?
False
Is 1470797 composite?
False
Is 7213123 prime?
True
Is 61331 a composite number?
False
Is 51943193 a composite number?
False
Is 31305383 a composite number?
True
Is 50178899 composite?
True
Is 645305 composite?
True
Is 128082637 composite?
False
Is 35685179 composite?
True
Is 7112411 prime?
True
Is 517631 prime?
False
Is 4834201 a composite number?
False
Is 13638313 a composite number?
True
Is 42892193 a composite number?
False
Is 22750307 a composite number?
False
Is 6233519 a composite number?
True
Is 1298849 prime?
True
Is 11838227 composite?
True
Is 3011447 a composite number?
True
Is 114964309 a prime number?
True
Is 84858589 a prime number?
False
Is 48733483 composite?
False
Is 52743209 prime?
False
Is 48178811 a composite number?
False
Is 592719583 a prime number?
False
Is 25491223 a prime number?
False
Is 989677 a prime number?
False
Is 5843273 composite?
True
Is 6268511 composite?
True
Is 542417 prime?
False
Is 48170051 a composite number?
False
Is 11577331 prime?
False
Is 51678769 prime?
False
Is 11553373 a composite number?
True
Is 6485993 prime?
False
Is 62718319 composite?
False
Is 114918589 a composite number?
True
Is 2978087 a prime number?
False
Is 9175603 prime?
False
Is 1578541 a prime number?
False
Is 307419941 a prime number?
True
Is 17214991 a composite number?
False
Is 181374419 prime?
False
Is 182002103 composite?
False
Is 549024221 a composite number?
False
Is 25037527 composite?
True
Is 1771902905 prime?
False
Is 27057857 a prime number?
True
Is 5596343 a prime number?
True
Is 269863 a prime number?
False
Is 292680197 prime?
True
Is 11466379 a composite number?
False
Is 1157969 composite?
False
Is 385187753 composite?
False
Is 3642817 a prime number?
True
Is 14170907 a prime number?
True
Is 22332221 prime?
True
Is 14634173 prime?
False
Is 133469627 a composite number?
False
Is 3040951 prime?
False
Is 28871861 prime?
True
Is 4224361 a composite number?
False
Is 14668027 composite?
True
Is 15280459 a prime number?
True
Is 24340123 a composite number?
False
Is 1409801 composite?
True
Is 157889113 a prime number?
True
Is 22953913 a prime number?
False
Is 2359853 composite?
True
Is 518227295 a composite number?
True
Is 658859 composite?
True
Is 1450643 a composite number?
True
Is 274745083 composite?
False
Is 3255545 prime?
False
Is 51670529 prime?
True
Is 274713338 a composite number?
True
Is 5887939 composite?
False
Is 857707 a composite number?
False
Is 66118159 a composite number?
False
Is 609799 prime?
False
Is 7303211 a prime number?
True
Is 339382 a prime number?
False
Is 126589 prime?
False
Is 12842177 a prime number?
True
Is 5528737 prime?
True
Is 1264920999 composite?
True
Is 2889001 composite?
False
Is 237949499 a composite number?
False
Is 4183889 composite?
False
Is 4188551 prime?
True
Is 1001463 a prime number?
False
Is 33606343 a composite number?
False
Is 24233647 composite?
True
Is 19125991 prime?
False
Is 28033199 a composite number?
False
Is 458374901 a prime number?
True
Is 226801 a prime number?
False
Is 4826363 a prime number?
False
Is 49452397 prime?
False
Is 818239 a prime number?
True
Is 4969819 a composite number?
True
Is 121832069 prime?
True
Is 20919445 composite?
True
Is 58564589 a prime number?
False
Is 24876989 prime?
True
Is 83661779 a composite number?
False
Is 29446777 a composite number?
False
Is 8890919 composite?
False
Is 372719 a prime number?
True
Is 2022353 composite?
True
Is 427964038 a prime number?
False
Is 2511101 prime?
True
Is 156347 composite?
False
Is 10446727 a composite number?
True
Is 108360599 composite?
False
Is 72070409 a composite number?
False
Is 1594387 a prime number?
True
Is 86041979 a prime number?
False
Is 22844183 composite?
False
Is 31962779 prime?
True
Is 115142713 composite?
True
Is 3479361 a composite number?
True
Is 5432065 composite?
True
Is 22764089 composite?
True
Is 3525637 a prime number?
True
Is 216195467 a prime number?
True
Is 1614595 a composite number?
True
Is 16230791 a prime number?
False
Is 2108243 prime?
True
Is 6881923 composite?
True
Is 9916643 prime?
False
Is 24614159 composite?
False
Is 14287199 a prime number?
True
Is 1528399 composite?
False
Is 2827813 a composite number?
False
Is 102034001 prime?
False
Is 45378701 a prime number?
False
Is 10012957 composite?
True
Is 958763 composite?
True
Is 3682977 a prime number?
False
Is 78143011 a composite number?
False
Is 8447441 a prime number?
True
Is 80897867 composite?
False
Is 478059617 a composite number?
True
Is 119523269 a prime number?
True
Is 9440489 prime?
False
Is 13076137 composite?
False
Is 846479 composite?
True
Is 840319 a composite number?
False
Is 11743127 a prime number?
False
Is 973171 a composite number?
True
Is 6252791 a composite number?
False
Is 2401661017 a prime number?
False
Is 16556422 a composite number?
True
Is 665471 composite?
True
Is 20385059 composite?
False
Is 117702433 a prime number?
True
Is 23689453 prime?
True
Is 3884893 a prime number?
True
Is 29084927 prime?
False
Is 78398591 composite?
False
Is 11725937 prime?
False
Is 17600507 a prime number?
True
Is 114674341 a prime number?
True
Is 3823379 prime?
False
Is 5676367 prime?
True
Is 16022189 prime?
True
Is 28852827 a composite number?
True
Is 7583083 a composite number?
False
Is 144175099 prime?
False
Is 7665041 composite?
True
Is 1827703 a prime number?
True
Is 1534289 a prime number?
True
Is 58669841 prime?
True
Is 17813597 a composite number?
False
Is 522811 prime?
True
Is 11033189 a composite number?
True
Is 20571059 composite?
True
Is 4474643 prime?
True
Is 4382309 a prime number?
True
Is 36850607 composite?
True
Is 5675359 a composite number?
False
Is 6617561 prime?
False
Is 82855283 a prime number?
False
Is 1812023 a prime number?
False
Is 2343737 a prime n